9?
21
What is the remainder when 83282 is divided by 16455?
1007
What is the remainder when 1096398 is divided by 285?
3
Calculate the remainder when 2270540 is divided by 332.
324
What is the remainder when 45151 is divided by 7522?
19
What is the remainder when 2060670 is divided by 134?
18
What is the remainder when 232994 is divided by 860?
794
Calculate the remainder when 270731 is divided by 309.
47
Calculate the remainder when 6832885 is divided by 744.
733
What is the remainder when 139777 is divided by 69432?
913
What is the remainder when 1357089 is divided by 46779?
498
What is the remainder when 1563088 is divided by 1976?
72
Calculate the remainder when 9607988 is divided by 347.
252
Calculate the remainder when 1379335 is divided by 114943.
19
Calculate the remainder when 1263777 is divided by 140.
137
What is the remainder when 831670 is divided by 720?
70
What is the remainder when 3092219 is divided by 291?
53
Calculate the remainder when 2022721 is divided by 4874.
11
What is the remainder when 103673334 is divided by 12959163?
30
What is the remainder when 104554 is divided by 20679?
1159
Calculate the remainder when 445007 is divided by 346.
51
What is the remainder when 172415 is divided by 374?
1
Calculate the remainder when 5200633 is divided by 2054.
1959
Calculate the remainder when 95233 is divided by 191.
115
What is the remainder when 2621839 is divided by 100835?
129
Calculate the remainder when 4950585 is divided by 825097.
3
Calculate the remainder when 7202463 is divided by 450147.
111
What is the remainder when 476569 is divided by 2590?
9
Calculate the remainder when 1538207 is divided by 40473.
233
Calculate the remainder when 83692 is divided by 1902.
4
What is the remainder when 32288 is divided by 875?
788
What is the remainder when 945958 is divided by 418?
24
Calculate the remainder when 5300510 is divided by 13.
7
What is the remainder when 1721381 is divided by 693?
662
What is the remainder when 2265735 is divided by 3108?
3
What is the remainder when 118552 is divided by 1943?
29
What is the remainder when 7691881 is divided by 74?
25
Calculate the remainder when 170169 is divided by 56639.
252
Calculate the remainder when 22172438 is divided by 28.
22
Calculate the remainder when 225821181 is divided by 768.
765
Calculate the remainder when 4374881 is divided by 729142.
29
What is the remainder when 19537 is divided by 50?
37
Calculate the remainder when 15861000 is divided by 123914.
8
What is the remainder when 169596 is divided by 2825?
96
Calculate the remainder when 942450 is divided by 285.
240
What is the remainder when 3107210 is divided by 129?
116
Calculate the remainder when 633995 is divided by 220.
175
What is the remainder when 596963 is divided by 2855?
268
What is the remainder when 55803 is divided by 1311?
741
What is the remainder when 10494 is divided by 4322?
1850
What is the remainder when 688082 is divided by 374?
296
What is the remainder when 4514432 is divided by 72?
32
Calculate the remainder when 3121884 is divided by 352.
348
Calculate the remainder when 10092262 is divided by 1121362.
4
Calculate the remainder when 9923126 is divided by 105.
101
What is the remainder when 12160501 is divided by 4?
1
What is the remainder when 2499692 is divided by 4940?
52
What is the remainder when 1148130 is divided by 574047?
36
Calculate the remainder when 614745 is divided by 13079.
32
Calculate the remainder when 15770 is divided by 15123.
647
Calculate the remainder when 552305 is divided by 4527.
11
Calculate the remainder when 2169306 is divided by 433.
409
Calculate the remainder when 18988 is divided by 18824.
164
Calculate the remainder when 43478 is divided by 21415.
648
Calculate the remainder when 565049 is divided by 94173.
11
What is the remainder when 389092 is divided by 5478?
154
Calculate the remainder when 120784299 is divided by 52.
51
Calculate the remainder when 361604 is divided by 1683.
1442
Calculate the remainder when 2231677 is divided by 15716.
5
Calculate the remainder when 6035 is divided by 2943.
149
Calculate the remainder when 411404 is divided by 598.
578
Calculate the remainder when 22309 is divided by 4344.
589
What is the remainder when 414685 is divided by 627?
238
Calculate the remainder when 235867811 is divided by 6.
5
Calculate the remainder when 549093 is divided by 14770.
2603
What is the remainder when 128229 is divided by 294?
45
What is the remainder when 287403046 is divided by 4584?
4582
What is the remainder when 8068022 is divided by 1344?
1334
Calculate the remainder when 12614662 is divided by 11510.
11212
What is the remainder when 205197 is divided by 29311?
20
What is the remainder when 5672800 is divided by 721?
693
What is the remainder when 440678973 is divided by 3025?
3023
What is the remainder when 20570 is divided by 6596?
782
What is the remainder when 5740852 is divided by 1007?
952
Calculate the remainder when 13815358 is divided by 738.
736
What is the remainder when 217886 is divided by 2765?
2216
What is the remainder when 1847494 is divided by 11693?
0
Calculate the remainder when 164653 is divided by 502.
499
Calculate the remainder when 262937 is divided by 181.
125
Calculate the remainder when 16336 is divided by 1635.
1621
Calculate the remainder when 1320353 is divided by 101493.
944
What is the remainder when 188678 is divided by 40?
38
Calculate the remainder when 24934 is divided by 12222.
490
Calculate the remainder when 249455 is divided by 124588.
279
What is the remainder when 16131489 is divided by 19940?
29
What is the remainder when 9737794 is divided by 243?
55
What is the remainder when 426318 is divided by 6?
0
Calculate the remainder when 6507557 is divided by 353.
2
Calculate the remainder when 17220329 is divided by 690.
689
What is the remainder when 6640488 is divided by 299?
296
What is the remainder when 5326 is divided by 1347?
1285
Calculate the remainder when 37907050 is divided by 611.
610
Calculate the remainder when 72052358 is divided by 39287.
0
What is the remainder when 340750 is divided by 744?
742
What is the remainder when 7148310 is divided by 65?
0
What is the remainder when 9818557 is divided by 2454637?
9
What is the remainder when 19768 is divided by 1579?
820
Calculate the remainder when 8741149 is divided by 963.
961
Calculate the remainder when 89485804 is divided by 5649.
5644
Calculate the remainder when 1354737 is divided by 15.
12
Calculate the remainder when 10606629 is divided by 113.
110
What is the remainder when 11053143 is divided by 1105313?
13
Calculate the remainder when 6585770 is divided by 68601.
74
Calculate the remainder when 1846907 is divided by 1846891.
16
Calculate the remainder when 54021 is divided by 34.
29
Calculate the remainder when 64615494 is divided by 164416.
6
What is the remainder when 132812 is divided by 26512?
252
What is the remainder when 1097902 is divided by 309?
25
What is the remainder when 13812003 is divided by 552480?
3
What is the remainder when 134274 is divided by 118?
108
What is the remainder when 804223 is divided by 579?
571
Calculate the remainder when 160620 is divided by 4827.
1329
What is the remainder when 21024150 is divided by 404310?
30
Calculate the remainder when 412036 is divided by 253.
152
What is the remainder when 129508 is divided by 520?
28
What is the remainder when 84180 is divided by 528?
228
What is the remainder when 716606 is divided by 5555?
11
What is the remainder when 16445 is divided by 8056?
333
What is the remainder when 20116947 is divided by 15?
12
Calculate the remainder when 131534 is divided by 270.
44
What is the remainder when 46076 is divided by 15293?
197
What is the remainder when 244855 is divided by 244798?
57
Calculate the remainder when 591478 is divided by 39426.
88
What is the remainder when 497021597 is divided by 124255398?
5
Calculate the remainder when 3246779 is divided by 20.
19
What is the remainder when 326430 is divided by 2822?
1900
Calculate the remainder when 7595878 is divided by 205290.
148
Calculate the remainder when 42569514 is divided by 5321189.
2
What is the remainder when 6952560 is divided by 2975?
2960
What is the remainder when 405870 is divide